actor of m and 5.
5
Let z = -3200 - -3202. Let f be (24/(-15))/(2/(-10)). Calculate the greatest common divisor of z and f.
2
Let y(f) = f + 357. Let d be y(-14). Calculate the greatest common divisor of d and 49.
49
Let n(t) = t**2 - 12*t + 30. Let o be n(9). Suppose -3*l + o*i + 43 = 16, -3*i = l - 13. What is the greatest common factor of 40 and l?
10
Suppose -51*g - 567 + 5412 = 0. What is the highest common divisor of g and 1520?
95
Let r(k) = -2*k**2 + 58*k - 348. Let h be r(20). Let n = 73 - -23. Calculate the highest common divisor of n and h.
12
Suppose 0 = 3*y - 9 + 3. Let i be (-488)/(-22) - y/11 - 0. Let v(c) = c + 55. Let l be v(0). What is the greatest common divisor of l and i?
11
Suppose 67*f - 64*f = 15. Calculate the greatest common divisor of f and 10.
5
Let k be ((-3)/(-4))/((-2)/(-8)). Suppose 0 = -h + 2*o - k, -h + 0*o = o - 9. Suppose h*u + 35 = 6*u. What is the greatest common divisor of 14 and u?
7
Let o(w) = -w**3 + 8*w**2 + 8*w. Let l be o(8). Let k = 40 - 32. Calculate the highest common factor of k and l.
8
Let r = -1066 - -1438. Calculate the greatest common divisor of r and 36.
12
Let u = 31 + -17. Let b(l) = -11*l + 2. Suppose -5*h + 0*h - 50 = 0. Let k be b(h). Calculate the greatest common factor of u and k.
14
Let x = 1248 - 1226. Calculate the highest common divisor of 66 and x.
22
Suppose t - 14 = -5*l + 1, -t = -4*l - 42. Let x = 340 - 220. Calculate the greatest common divisor of x and t.
30
Suppose -6*z + 120 = -2*z. Suppose -5*t = -4*g - 18, 2*g = 4*t - 3*g - 9. What is the highest common factor of z and t?
6
Let a = 13 + 7. Suppose 10*m = 9 + 41. Calculate the greatest common factor of m and a.
5
Let x(t) = 13*t**2 + 35*t - 112. Let l be x(3). What is the greatest common divisor of 88 and l?
22
Let z(p) = -p + 6. Let l be z(8). Let y be (-5)/(-1)*(-6)/l. What is the highest common divisor of 15 and y?
15
Suppose -2*h = -u + 3*h + 5, -55 = -2*u + h. Let d = u - -5. Calculate the highest common divisor of 280 and d.
35
Let g(d) = 153*d**2 + 5*d + 7. Let z be g(-1). Calculate the highest common factor of 93 and z.
31
Let z be (1 - 5 - -2)*(-280)/8. Calculate the highest common divisor of z and 45.
5
Let o = 213 + 197. Suppose 4*c - 328 = 2*r, 0*c - 5*c - 5*r + o = 0. What is the highest common factor of 123 and c?
41
Let d(h) = -h**2 - 7*h + 6. Let y(u) = -u**3 - 5. Let a be y(0). Let w be d(a). Calculate the highest common divisor of 64 and w.
16
Let n be (-6)/(-10) - 2188/(-20). Suppose 4*o - 2 = 10. Let m = o - -7. Calculate the highest common divisor of m and n.
10
Let o be (-4 - (-4 - 0)) + 0. Let t(w) = w**3 - w**2 + 2*w + 16. Let y be t(o). Calculate the highest common factor of 40 and y.
8
Let m(d) = 5*d + 0*d**3 + d**2 - 5 - 6*d**2 + d**3. Let s be m(4). Let v be -1*(-1)/(s/(-28)). What is the highest common divisor of v and 4?
4
Suppose 0 = 2*g + 10 + 2. Let a be (-15)/g*18*2. Calculate the greatest common divisor of 36 and a.
18
Let v(o) = o**3 + o**2 + o - 7. Let t be v(0). Let c = t + 27. What is the greatest common divisor of 10 and c?
10
Suppose -2*b = s - 0*s, 2*s - 3*b = 35. Suppose -3*p - 4*n + 2 - 4 = 0, -5*n = s. Suppose 3*c - 80 = -2*c. What is the highest common divisor of p and c?
2
Let f(x) = -x**2 - 6*x - 5. Let l be f(-7). Let v = -16 - l. Let j be 1 - v/((-8)/(-34)). What is the highest common divisor of j and 2?
2
Suppose 6*n = 114 + 36. Let m = 47 + n. What is the highest common factor of m and 180?
36
Suppose -2*a + a = -3*r + 299, 8 = -4*a. Let b be (8/(-8))/(2/(-22)). Suppose 5*y + b - 66 = 0. Calculate the highest common factor of y and r.
11
Let t(y) = -y**2 - y + 7. Let z be t(-3). Let p be (z - 18)*4/(-4). Suppose -4*c = 18 - 358. Calculate the greatest common factor of c and p.
17
Let o be ((-6)/4)/(15/90). Let f be 40/(-1 - o/3). What is the highest common factor of 60 and f?
20
Let x be (-22)/(-143) - (-13726)/13. Suppose z - 12*z = -x. What is the greatest common divisor of z and 32?
32
Let c(r) = 44*r - 1. Let w(l) = l**3 - 2*l**2 + 2*l. Let y be w(2). Let t be c(y). What is the highest common factor of 35 and t?
35
Let p = -28 + 34. Suppose 0 = -p*a + 4*a + 8. Calculate the highest common divisor of 40 and a.
4
Suppose k = 11*k - 40. Suppose m = -2*z + 12, m + 4*z = -k*m + 60. What is the highest common divisor of m and 3?
3
Let d(t) = 5*t**2 - 2*t - 7. Let h be d(3). Suppose 2*w + h = 4*w. What is the highest common factor of w and 2?
2
Let g = -28 - -31. Let m be g*1/(3/13). What is the greatest common factor of 65 and m?
13
Suppose 0 = 2*o - 10*o + 960. Let x = -113 + o. What is the highest common divisor of x and 7?
7
Let r be 0 - -25 - -2*1. Let d = r - 22. Suppose a + 160 = 3*w, 5*a = -0*a + 25. What is the greatest common divisor of w and d?
5
Let h be 10 + -10 - 10/(-2). Suppose -h*a - 88 = 2*u - 247, -3*u + 3*a = -228. What is the greatest common factor of u and 11?
11
Let y(n) = n**2 + 15*n + 110. Let f be y(-16). What is the greatest common divisor of f and 9?
9
Let x = 324 + 1806. What is the greatest common divisor of x and 45?
15
Let m(w) = 2*w**2 - 5*w + 10. Let j be m(4). Let o be 8/(-44) - (-400)/j. Calculate the greatest common factor of 6 and o.
6
Suppose 24*i = 27*i - 15. Suppose -6*w + 11 = -19. Calculate the highest common factor of i and w.
5
Let t(q) be the first derivative of -q**3/3 + 5*q**2 - 5. Let h be t(8). Calculate the highest common factor of h and 16.
16
Suppose 2*q - 65 + 29 = 0. Suppose -q = -4*a + 10. What is the highest common divisor of 154 and a?
7
Suppose 0 = -3*c - x + 4*x + 33, 2*c - 5*x - 19 = 0. Let k be (-18)/12*c/(-1). What is the greatest common divisor of k and 2?
2
Let i(a) = 2*a**2 + 20*a - 6. Let t be i(-15). Suppose 0*y = 8*y - t. Let z = 388 - 244. What is the greatest common factor of y and z?
18
Let a(v) = -6*v - 7*v + 5*v. Let i be a(-1). Suppose -i*t + 32 = -4*t. What is the highest common divisor of 88 and t?
8
Let j(p) = -p**2 + 144. Let k be j(0). Suppose a = -a + k. Let d = 1541 - 1532. What is the highest common divisor of a and d?
9
Let z be 8 - (-2 + -2 + 5). Suppose -5*p = -z*p + 10. Suppose -3*m - 358 + 100 = -p*b, -4*m = -b + 38. Calculate the highest common factor of 27 and b.
27
Let o be (924/15)/((-22)/(-5) + -4). Calculate the greatest common factor of o and 44.
22
Let i(o) = o**3 + 7*o**2 + o + 9. Let l be i(-7). Suppose -l*r + 21 = 79. Let s = r - -40. What is the highest common factor of 88 and s?
11
Let m = 47 - 7. Suppose 3*h - 50 = -20. What is the greatest common factor of h and m?
10
Let f be (-1 - -237) + 6/6. Let i be 4/(-4)*1 + f. Let b = i + -116. What is the greatest common divisor of b and 15?
15
Let r = -10 - -11. Suppose l = -p + 4 - r, -3 = -l. Suppose 6*z - 4*z - 96 = p. Calculate the highest common divisor of 32 and z.
16
Let z(j) = -25*j + 151. Let p be z(-9). Calculate the highest common factor of 47 and p.
47
Let u(o) = -o**3 - o**2 + 8*o + 6. Let i be u(-3). Suppose 5*g + i*g = 35. What is the highest common factor of g and 63?
7
Let q be ((60/(-9))/((-6)/18))/1. Suppose 0 = -5*t + 44 + 56. Calculate the greatest common divisor of t and q.
20
Suppose 4*s - 842 = 754. Suppose s = 5*r - 1361. Calculate the greatest common divisor of r and 32.
32
Let s(u) = u - 2. Let a be s(9). Suppose -a - 11 = -w. Let g = -119 + 164. What is the highest common factor of g and w?
9
Let f(v) = 5*v**2 - 3*v + 3. Let g be f(3). Let k = 49 - 46. Suppose 0 = -q - k + g. What is the greatest common factor of 108 and q?
36
Let x = -16 - -19. Suppose t - 2 - 5 = -2*v, 4*v = -x*t + 15. Suppose 0*n + n + 4*y - 33 = 0, -2*n + 56 = v*y. What is the highest common factor of n and 10?
5
Let f(k) = -4*k + 0 - k**2 + 4 + 5*k + 16*k. Let o be f(16). Calculate the greatest common factor of o and 20.
20
Let o = -30 + 65. What is the highest common divisor of 35 and o?
35
Let s(f) = 151*f + 4. Let w be s(4). Suppose 0 = -4*m + w - 76. Let h be 3/(240/76 - 3). Calculate the greatest common divisor of m and h.
19
Let v be ((-78)/(-8))/((-3)/(-64)). Calculate the greatest common factor of v and 39.
13
Suppose 0 = 23*y - 29*y + 30. Let q = -71 - -116. What is the highest common factor of y and q?
5
Suppose -5*s + 408 = 4*n - s, -5*n + s = -528. Calculate the highest common factor of n and 35.
35
Let r = 18 